(30) a composite number?
True
Let i = 69661 + 37990. Is i a composite number?
True
Let o = 91392 + -52469. Is o a prime number?
True
Suppose 4*f = 4*d - 2902436, 4*d + 9*f - 4*f - 2902400 = 0. Is d a prime number?
False
Let a(l) = l**3 - l**2 + l. Let v be a(2). Suppose v*r - 2245 = r. Is r - (-5)/(25/(-20)) a prime number?
False
Is (0 - 426124/(-20))/((-7)/(-35)) a prime number?
True
Let z be 128/(-6)*42/(-8). Suppose -z = -y - y. Is 26856/y - 8/14 a prime number?
True
Suppose -2*g - 2*z = -2068, -4*z - 14 = 2. Suppose g + 83 = s. Is s a prime number?
False
Suppose -h = -13*h + 96. Suppose 0*q + h*q - 112792 = 0. Is q prime?
False
Let o = -2938 - -17535. Is o prime?
False
Suppose 3*c + 3*n - 26 = -107, 95 = -3*c + 4*n. Let a = 32 + c. Suppose 0 = 5*s - 4*x - 2943, 2*s - a*x + 1168 = 4*s. Is s a composite number?
False
Let p be (-8 - 148/(-18))*9. Let r(j) = 263*j**3 + 5*j - 2. Let l be r(3). Suppose 7*d = -2*b + 10*d + l, -3*d = p*b - 7138. Is b a composite number?
True
Suppose 3358 = a - z, -3*z + z = 0. Let x = a + 1815. Is x composite?
True
Let u = 194 - 197. Is (u/(-9))/(-3 + (-32752)/(-10917)) composite?
True
Let c(s) = -s**2 - 21*s - 14. Let b be c(-20). Is (1/b)/(5/330) a prime number?
True
Let c = -9621 - -18647. Is c a prime number?
False
Let g be 10*(-7)/(-35)*3/3. Suppose 5*q + 41*k = 36*k + 154560, 61827 = g*q + 5*k. Is q a prime number?
True
Let t(c) = 9 + 28*c - 39*c + 39*c + 60*c. Let h(n) = n**3 - 7*n**2 + 3*n - 16. Let i be h(7). Is t(i) a prime number?
True
Suppose -23282 - 13590 = -2*w. Suppose 74*b - w = 70*b. Is b composite?
True
Suppose 484*z + 55054 = 486*z. Is z a prime number?
True
Suppose 0 = 28*d - 37*d - 36. Is (58628/20 + 5)/(d/(-10)) a composite number?
True
Let s be (-8162)/5 + (-76)/(-190). Let a = s + 3341. Is a a composite number?
False
Let d be -7*3/(-3)*(-2)/(-7)*-3. Let t(f) = f**3 + f**2 - f + 1. Let g(a) = -7*a**3 - 3*a**2 + a + 10. Let m(h) = g(h) + 3*t(h). Is m(d) composite?
True
Let n = 25013 - -60146. Is n composite?
False
Is -10*21/(-15) + 124655 a composite number?
False
Let j(s) = s + 17. Let n be j(13). Let p = n - 30. Suppose 0 = 3*r + b - 1565, 4*r + 5*b - b - 2092 = p. Is r prime?
True
Is 41704215/315 - (-2)/3 a prime number?
False
Let q(g) be the second derivative of 199*g**4/12 - 35*g**3/6 - 19*g**2/2 - g - 27. Is q(-5) a prime number?
False
Let b be (-66)/(-3*2/1604). Let a = -10610 + b. Is a a prime number?
False
Suppose 13*o - 33051 - 11786 = 0. Suppose -450 - o = -w. Is w prime?
False
Let q = 331 - 328. Is 2/(-6) - (q - 16262/6) a prime number?
True
Let g = 7335 - -3254. Is g prime?
True
Suppose -2*q - 4*q + 30 = 0. Suppose 9*o - q*o + 9702 = 2*l, 2*l - 2*o - 9706 = 0. Is l prime?
False
Is ((-227901)/12)/(104/(-416)) a composite number?
False
Let y(m) be the third derivative of m**4/24 + 1039*m**3/2 + 2*m**2. Let i be y(0). Suppose -3*h + i = p, -3*h + p = -8*h + 5195. Is h prime?
True
Let x be -186*((-8)/3)/(-4). Let k = 1273 - x. Is k prime?
False
Let i(x) = 43*x**2 - 12*x - 14. Suppose -2*r + 30 - 40 = 0. Is i(r) prime?
False
Let n(a) = 41*a + 1. Let j be n(-1). Let h be (1/(-2))/(4/j). Suppose 0*w + h*w - 1685 = 0. Is w composite?
False
Is (-11)/(-825)*1260815 + (-4)/(-30) prime?
True
Let a(z) = z**2 - 24*z. Let r be a(19). Let g = 102 + r. Suppose 4*l = -g*l + 16577. Is l a composite number?
True
Let w = 7 - 33. Let k = -26 - w. Suppose k*m + 1070 = 5*m. Is m composite?
True
Is 542100 - ((-8)/3 - ((-11)/3 - -4)) a composite number?
True
Let b = -11871 - -24594. Is b a composite number?
True
Let m(i) = -17724*i + 1103. Is m(-4) a prime number?
True
Let q(w) = 270*w - 35 + 41 - 54 - 49. Is q(25) a composite number?
False
Let k = 39770 + 113115. Is k a composite number?
True
Suppose -5*v - m = -1646, -2*v + 276 = 5*m - 387. Let f(s) = -s**2 + 7*s + v + s - 4*s. Is f(0) a composite number?
True
Let z(f) = 8*f**2 - 12*f - 1. Let q be z(10). Let t = 124 - 117. Suppose t*m = 6188 - q. Is m a composite number?
False
Suppose -2*j - 3*f = -13942, j + 3*f + 2363 = 9334. Is j a prime number?
True
Suppose -71384 = -3*d + u, 0 = 22*d - 19*d - 3*u - 71382. Is d a composite number?
True
Suppose -14*f + 5 = -37. Suppose 0 = f*d + 5*b - 28624, -4*d + 0*b = 3*b - 38147. Is d prime?
True
Is 4/12*-128243*(-6)/2 composite?
True
Let g be -12 - ((-520)/(-180) + 2/18). Is (3678/15)/((-6)/g) prime?
True
Let y(h) = -8161*h - 735. Is y(-16) a prime number?
True
Suppose 112*l - 111*l + 155465 = 2*p, -388666 = -5*p + 3*l. Is p a composite number?
True
Is 4*(1*1019741/20 + (-84)/(-70)) prime?
True
Let a = 95037 - 23306. Is a prime?
False
Let x(l) be the second derivative of 5*l**4/12 - 7*l**3/2 + 29*l**2/2 - 27*l. Let q = 38 - 23. Is x(q) prime?
True
Is 9/(-27) - 11644524/(-54) prime?
False
Let w(i) = -6*i + 71. Let t be w(17). Let n = 11 + t. Is (-1)/((n/30)/((-4916)/(-6))) a composite number?
False
Suppose 4*t + 16*t - 19703 = t. Is t prime?
False
Suppose 4129*f = 4115*f + 572978. Is f composite?
False
Let f(m) = -185324*m + 395. Is f(-3) prime?
False
Let z(c) = c**2 - 87*c + 41*c + 45*c**3 + 1 + 47*c. Is z(2) a prime number?
True
Let y(x) = 5316*x - 4563. Is y(34) a prime number?
False
Is (-9589407)/(-21) - -2 - 180/(-315) a prime number?
True
Suppose 0*z + 5*z + 3086 = -3*r, 0 = 2*r - z + 2079. Let t(y) = 296*y**3 - 9*y**2 - y + 4. Let n be t(2). Let l = n + r. Is l composite?
False
Let s be 12*(-7 - (-117)/18). Is 4331 + s/(-9)*-6 prime?
True
Is (-6)/(-1)*(263727/(-6))/(81/(-9)) composite?
False
Suppose 0 = 20*p - 18*p - 322. Suppose p + 3027 = 4*r. Is r composite?
False
Is (-7683056)/(-52) - -15*13/(-2535) a composite number?
True
Let i be 9/(-18)*-6 - -1. Suppose 5*v = 5*s - 97620, 3*v = i*s - 92314 + 14219. Is s a prime number?
False
Suppose 38*t - 1171353 = 1386313. Is t a prime number?
True
Let d(l) = -220*l + 79. Let m(t) = t + 2. Let w(a) = d(a) + 6*m(a). Is w(-18) a composite number?
False
Suppose 20*n - 3*n = -63665. Let l = n - -5524. Is l a prime number?
False
Suppose 23*t = 104653 + 213782. Let g = -1240 + t. Is g prime?
False
Suppose 10*g = 576833 + 899457. Is g a composite number?
False
Is 3*(-12)/9*(3 + 197700/(-48)) composite?
True
Let w = 377233 - 246834. Is w a prime number?
True
Let h(t) = 1473*t - 100. Let s be h(7). Let b = 18112 - s. Is b composite?
False
Let o = -20775 + 34738. Is o composite?
False
Suppose -119*v + 27494081 - 3343084 = -31662502. Is v prime?
False
Suppose 25*p = 29*p - 7408. Suppose -2*t - 3*f = -p - 2010, 1925 = t + 3*f. Is t prime?
False
Let y(b) = 3*b + 13*b**2 + 4*b**3 - 3*b**3 + 6*b - 10. Let i(o) = 11*o - 5. Let q be i(0). Is y(q) a composite number?
True
Let a be 65/52 - (-2)/8*3. Suppose 1050 + 248 = a*z. Is z composite?
True
Suppose 0 = 7*x - 5520 - 8347. Let w = -318 + x. Is w composite?
False
Suppose -25*r = -26*r + 2. Suppose -4*h = l - 1745, 388 + 489 = r*h - l. Is h prime?
False
Suppose -1508563 = -212*p + 163*p. Is p composite?
True
Suppose 0 = 3*j - 9, -49*f + 50*f + 3*j = 82456. Is f a prime number?
False
Let f = 27 + -25. Suppose 2*l + 0*d + 3*d + 15371 = 0, 0 = 4*l - f*d + 30702. Let o = l + 10929. Is o a composite number?
False
Let l(r) = r**3 + 25*r**2 - 24*r + 54. Let o be l(-26). Suppose -163 = -z + o*x + 528, 4*x - 1422 = -2*z. Is z a composite number?
False
Let y(h) = 26215*h**2 - 43*h - 127. Is y(-3) prime?
False
Let y(w) = -27281*w + 307. Is y(-2) composite?
False
Suppose -25 = 5*y + 10. Let z be 1*-15*(3716/(-20) - y). Suppose 4*r - z = -5*x, -r - 5*x + 3355 = 4*r. Is r a composite number?
False
Suppose 43*s = 11*s + 54688. Is s a prime number?
True
Suppose 5*u - 13 = -3*m + 7, 0 = 4*u - 3*m + 11. Is (u*(-9 - -6))/(6/(-7186)) a prime number?
True
Let z be ((-3)/6)/((-3)/21288). Suppose 3*w = -4*n + z, -n + 0*n + 887 = 5*w. Is n composite?
False
Let r = 676178 + -400297. Is r a composite number?
False
Let v = -42 + 40. Let r be (v/6 + (-14)/21)*-9. Suppose -16124 + 1373 = -r*l. Is l a composite number?
True
Let q = 138991 + -11090. Is q composite?
True
Let k = 119057 - 28746. Is k a composite number?
True
Suppose j = 3*q - 5*q + 22, -5*j - q = -74. Let n(h) = h**2 - 15*h + 17. Let f be n(j). Is f + (-2 - (2 + -1152)) prime?
True
Let m(l) = -2*l - 48. Let v be m(-24). Suppose v = 14*o - 1684 - 1858. Is o prime?
False
Suppose -4 + 179 = -